{"id":41739,"date":"2023-02-20T09:06:45","date_gmt":"2023-02-20T08:06:45","guid":{"rendered":"https:\/\/www.naturgy.com\/ampliacion-de-capital-liberada-junio-2011-y-sistema-de-remuneracion-al-accionista\/"},"modified":"2023-04-05T12:21:45","modified_gmt":"2023-04-05T10:21:45","slug":"ampliacion-de-capital-liberada-junio-2011-y-sistema-de-remuneracion-al-accionista","status":"publish","type":"page","link":"https:\/\/www.naturgy.com\/ca\/accionistes-i-inversors\/la-societat\/laccio-i-el-seu-capital-social\/ampliacion-de-capital-liberada-junio-2011-y-sistema-de-remuneracion-al-accionista\/","title":{"rendered":"Ampliaci\u00f3 de capital alliberada (juny 2011) i sistema de remuneraci\u00f3 a l&#8217;accionista"},"content":{"rendered":"\t\t<div data-elementor-type=\"wp-page\" data-elementor-id=\"41739\" class=\"elementor elementor-41739 elementor-27679\" data-elementor-post-type=\"page\">\n\t\t\t\t<div class=\"elementor-element elementor-element-284464cd e-flex e-con-boxed e-con e-parent\" data-id=\"284464cd\" data-element_type=\"container\">\n\t\t\t\t\t<div class=\"e-con-inner\">\n\t\t<div class=\"elementor-element elementor-element-32fcf494 e-con-full e-flex e-con e-parent\" data-id=\"32fcf494\" data-element_type=\"container\">\n\t\t\t\t<div class=\"elementor-element elementor-element-3a1df69d elementor-widget elementor-widget-shortcode\" data-id=\"3a1df69d\" data-element_type=\"widget\" data-widget_type=\"shortcode.default\">\n\t\t\t\t<div class=\"elementor-widget-container\">\n\t\t\t\t\t\t\t<div class=\"elementor-shortcode\"><nav aria-label=\"breadcrumbs\" class=\"rank-math-breadcrumb\"><p><span class=\"last\">Inici<\/span><\/p><\/nav><\/div>\n\t\t\t\t\t\t<\/div>\n\t\t\t\t<\/div>\n\t\t\t\t<div class=\"elementor-element elementor-element-687a0f48 elementor-widget elementor-widget-heading\" data-id=\"687a0f48\" data-element_type=\"widget\" data-widget_type=\"heading.default\">\n\t\t\t\t<div class=\"elementor-widget-container\">\n\t\t\t\t\t<h1 class=\"elementor-heading-title elementor-size-default\">Ampliaci\u00f3 de capital alliberada (juny 2011) i sistema de remuneraci\u00f3 a l&#8217;accionista<\/h1>\t\t\t\t<\/div>\n\t\t\t\t<\/div>\n\t\t\t\t<\/div>\n\t\t<div class=\"elementor-element elementor-element-5a6daeea e-con-full e-flex e-con e-parent\" data-id=\"5a6daeea\" data-element_type=\"container\">\n\t\t\t\t<div class=\"elementor-element elementor-element-79a83b4c elementor-widget elementor-widget-spacer\" data-id=\"79a83b4c\" data-element_type=\"widget\" data-widget_type=\"spacer.default\">\n\t\t\t\t<div class=\"elementor-widget-container\">\n\t\t\t\t\t\t\t<div class=\"elementor-spacer\">\n\t\t\t<div class=\"elementor-spacer-inner\"><\/div>\n\t\t<\/div>\n\t\t\t\t\t\t<\/div>\n\t\t\t\t<\/div>\n\t\t\t\t<\/div>\n\t\t\t\t\t<\/div>\n\t\t\t\t<\/div>\n\t\t<div class=\"elementor-element elementor-element-3b521beb e-flex e-con-boxed e-con e-parent\" data-id=\"3b521beb\" data-element_type=\"container\">\n\t\t\t\t\t<div class=\"e-con-inner\">\n\t\t\t\t<div class=\"elementor-element elementor-element-7ba6e44f elementor-widget elementor-widget-text-editor\" data-id=\"7ba6e44f\" data-element_type=\"widget\" data-widget_type=\"text-editor.default\">\n\t\t\t\t<div class=\"elementor-widget-container\">\n\t\t\t\t\t\t\t\t\t<p><span class=\"ui-provider gp b c d e f g h i j k l m n o p q r s t u v w x y z ab ac ae af ag ah ai aj ak\" dir=\"ltr\">Naturgy Energy Group, S.A., d&#8217;acord amb la pol\u00edtica implementada per altres companyies, nacionals i internacionals, vol oferir als seus accionistes una alternativa que, sense limitar de cap manera la seva possibilitat de percebre la totalitat de la retribuci\u00f3 anual en efectiu, si aix\u00ed ho desitgen, els permeti rebre accions de la societat amb la fiscalitat pr\u00f2pia de les accions alliberades.<br \/><br \/>Per posar en pr\u00e0ctica aquest sistema, la Junta General Ordin\u00e0ria d&#8217;Accionistes de Naturgy Energy Group, S.A. celebrada el passat 14 d&#8217;abril del 2011 va aprovar un augment del capital alliberat i el mecanisme mitjan\u00e7ant el qual la societat assumeix el comprom\u00eds irrevocable de compra dels drets d&#8217;assignaci\u00f3 gratu\u00efta corresponents a l&#8217;esmentada ampliaci\u00f3 de capital alliberada a un preu fix (el Comprom\u00eds de Compra), el que permetr\u00e0 que tots els accionistes que ho vulguin puguin vendre els seus drets i rebre un import en efectiu equivalent al que hagu\u00e9s estat el pagament del dividend complementari de l&#8217;exercici 2010 que hagu\u00e9s estat satisfet els primers dies de juliol del 2011.<br \/><br \/>Una vegada rebuts els drets d&#8217;assignaci\u00f3 gratu\u00efta, els accionistes de Naturgy Energy Group, S.A. tindran l&#8217;opci\u00f3, a lliure elecci\u00f3, de:<br \/><br \/>(a) No transmetre els seus drets d&#8217;assignaci\u00f3 gratu\u00efta. En aquest cas, l&#8217;accionista rebr\u00e0 el nombre d&#8217;accions noves en la proporci\u00f3 que li correspongui totalment alliberades. En qualsevol cas, aquesta possibilitat dependr\u00e0 dels termes i les condicions del contracte de dip\u00f2sit i administraci\u00f3 de valors que tingui subscrit amb la seva entitat diposit\u00e0ria, aix\u00ed com de les instruccions que li n&#8217;hagi impartit .<br \/><br \/>(b) Transmetre la totalitat o part dels seus drets d&#8217;assignaci\u00f3 gratu\u00efta a Naturgy Energy Group, S.A. en virtut del Comprom\u00eds de Compra al preu fix garantit. D&#8217;aquesta manera, l&#8217;accionista optaria per monetitzar els seus drets.<br \/><br \/>(c) Transmetre la totalitat o part dels seus drets d&#8217;assignaci\u00f3 gratu\u00efta al mercat. En aquest cas, l&#8217;accionista tamb\u00e9 optaria per monetitzar els seus drets, si b\u00e9 en aquest sup\u00f2sit no rebria un preu fix garantit, sin\u00f3 que la contraprestaci\u00f3 pels drets dependria de les condicions del mercat en general, i del preu de cotitzaci\u00f3 dels drets referits en particular.<br \/><br \/>Els accionistes de Naturgy Energy Group, S.A. podran combinar qualsevol de les alternatives esmentades en els apartats (a) a (c) anteriors. Cal tenir en compte, en aquest sentit, que el tractament fiscal de les alternatives referides \u00e9s diferent.<br \/><br \/>S&#8217;haur\u00e0 de posar en contacte amb l&#8217;entitat financera en qu\u00e8 t\u00e9 dipositades les accions als efectes d&#8217;instruir-la segons la seva decisi\u00f3.<br \/>Si voleu m\u00e9s informaci\u00f3, posem a la vostra disposici\u00f3 els documents informatius i els fets rellevants relatius a aquesta ampliaci\u00f3 de capital.<\/span><\/p>\t\t\t\t\t\t\t\t<\/div>\n\t\t\t\t<\/div>\n\t\t\t\t\t<\/div>\n\t\t\t\t<\/div>\n\t\t<div class=\"elementor-element elementor-element-10182ce5 e-con-full e-flex e-con e-parent\" data-id=\"10182ce5\" data-element_type=\"container\">\n\t\t\t\t<div class=\"elementor-element elementor-element-32320e04 elementor-widget elementor-widget-spacer\" data-id=\"32320e04\" data-element_type=\"widget\" data-widget_type=\"spacer.default\">\n\t\t\t\t<div class=\"elementor-widget-container\">\n\t\t\t\t\t\t\t<div class=\"elementor-spacer\">\n\t\t\t<div class=\"elementor-spacer-inner\"><\/div>\n\t\t<\/div>\n\t\t\t\t\t\t<\/div>\n\t\t\t\t<\/div>\n\t\t\t\t<\/div>\n\t\t<div class=\"elementor-element elementor-element-220d306 e-flex e-con-boxed e-con e-parent\" data-id=\"220d306\" data-element_type=\"container\">\n\t\t\t\t\t<div class=\"e-con-inner\">\n\t\t\t\t<div class=\"elementor-element elementor-element-4ab49d7 elementor-widget elementor-widget-heading\" data-id=\"4ab49d7\" data-element_type=\"widget\" data-widget_type=\"heading.default\">\n\t\t\t\t<div class=\"elementor-widget-container\">\n\t\t\t\t\t<h2 class=\"elementor-heading-title elementor-size-default\">Documents<\/h2>\t\t\t\t<\/div>\n\t\t\t\t<\/div>\n\t\t\t\t<div class=\"elementor-element elementor-element-e311d71 has-icon elementor-widget elementor-widget-text-editor\" data-id=\"e311d71\" data-element_type=\"widget\" data-widget_type=\"text-editor.default\">\n\t\t\t\t<div class=\"elementor-widget-container\">\n\t\t\t\t\t\t\t\t\t<p><a href=\"https:\/\/stproportalcorporativo.blob.core.windows.net\/uploads\/2023\/02\/DocumentoInformativoalaCNMV19mayo2011.pdf\" target=\"_blank\" rel=\"noopener\">Document informatiu registrat a la CNMV (245 KB)<\/a><\/p><p><a href=\"https:\/\/stproportalcorporativo.blob.core.windows.net\/uploads\/2023\/02\/Campliacion_2011_Complemento_al_documento_informativo.pdf\" target=\"_blank\" rel=\"noopener\">Complement al document informatiu registrat a la CNMV (34 KB)<\/a><\/p><p><a href=\"https:\/\/stproportalcorporativo.blob.core.windows.net\/uploads\/2023\/02\/Campliacion_2011_Scrip_Dividend_QA_v12.pdf\" target=\"_blank\" rel=\"noopener\">Preguntes freq\u00fcents (46 KB)<\/a><\/p><p><a href=\"https:\/\/stproportalcorporativo.blob.core.windows.net\/uploads\/2023\/02\/CalendarioProvisionalAmpliaciondecapital.pdf\" target=\"_blank\" rel=\"noopener\">Calendari estimat ampliaci\u00f3 capital (22 KB)<\/a><\/p><p><a href=\"https:\/\/stproportalcorporativo.blob.core.windows.net\/uploads\/2023\/02\/HR_02_Documento_informativo_enviado_a_la_CNMV.pdf\" target=\"_blank\" rel=\"noopener\">Document informatiu ampliaci\u00f3 capital (261 KB)<\/a><\/p><p><a href=\"https:\/\/stproportalcorporativo.blob.core.windows.net\/uploads\/2023\/02\/Campliacion_2011_Terminos_economicos.pdf\" target=\"_blank\" rel=\"noopener\">Termes econ\u00f2mics de l&#8217;ampliaci\u00f3 de capital (42 KB)<\/a><\/p>\t\t\t\t\t\t\t\t<\/div>\n\t\t\t\t<\/div>\n\t\t\t\t\t<\/div>\n\t\t\t\t<\/div>\n\t\t<div class=\"elementor-element elementor-element-a7799e1 e-flex e-con-boxed e-con e-parent\" data-id=\"a7799e1\" data-element_type=\"container\">\n\t\t\t\t\t<div class=\"e-con-inner\">\n\t\t\t\t<div class=\"elementor-element elementor-element-e523c3c elementor-widget elementor-widget-spacer\" data-id=\"e523c3c\" data-element_type=\"widget\" data-widget_type=\"spacer.default\">\n\t\t\t\t<div class=\"elementor-widget-container\">\n\t\t\t\t\t\t\t<div class=\"elementor-spacer\">\n\t\t\t<div class=\"elementor-spacer-inner\"><\/div>\n\t\t<\/div>\n\t\t\t\t\t\t<\/div>\n\t\t\t\t<\/div>\n\t\t\t\t\t<\/div>\n\t\t\t\t<\/div>\n\t\t\t\t<\/div>\n\t\t","protected":false},"excerpt":{"rendered":"<p>Naturgy Energy Group, S.A., d&#8217;acord amb la pol\u00edtica implementada per altres companyies, nacionals i internacionals, vol oferir als seus accionistes una alternativa que, sense limitar de cap manera la seva possibilitat de percebre la totalitat de la retribuci\u00f3 anual en efectiu, si aix\u00ed ho desitgen, els permeti rebre accions de la societat amb la fiscalitat [&hellip;]<\/p>\n","protected":false},"author":5,"featured_media":0,"parent":59816,"menu_order":2,"comment_status":"closed","ping_status":"closed","template":"","meta":{"_acf_changed":false,"footnotes":""},"class_list":["post-41739","page","type-page","status-publish","hentry"],"acf":[],"_links":{"self":[{"href":"https:\/\/www.naturgy.com\/ca\/wp-json\/wp\/v2\/pages\/41739","targetHints":{"allow":["GET"]}}],"collection":[{"href":"https:\/\/www.naturgy.com\/ca\/wp-json\/wp\/v2\/pages"}],"about":[{"href":"https:\/\/www.naturgy.com\/ca\/wp-json\/wp\/v2\/types\/page"}],"author":[{"embeddable":true,"href":"https:\/\/www.naturgy.com\/ca\/wp-json\/wp\/v2\/users\/5"}],"replies":[{"embeddable":true,"href":"https:\/\/www.naturgy.com\/ca\/wp-json\/wp\/v2\/comments?post=41739"}],"version-history":[{"count":11,"href":"https:\/\/www.naturgy.com\/ca\/wp-json\/wp\/v2\/pages\/41739\/revisions"}],"predecessor-version":[{"id":61674,"href":"https:\/\/www.naturgy.com\/ca\/wp-json\/wp\/v2\/pages\/41739\/revisions\/61674"}],"up":[{"embeddable":true,"href":"https:\/\/www.naturgy.com\/ca\/wp-json\/wp\/v2\/pages\/59816"}],"wp:attachment":[{"href":"https:\/\/www.naturgy.com\/ca\/wp-json\/wp\/v2\/media?parent=41739"}],"curies":[{"name":"wp","href":"https:\/\/api.w.org\/{rel}","templated":true}]}}

Ampliació de capital alliberada (juny 2011) i sistema de remuneració a l&#8217;accionista

<div data-elementor-type="wp-page" data-elementor-id="41739" class="elementor elementor-41739 elementor-27679" data-elementor-post-type="page">
				<div class="elementor-element elementor-element-284464cd e-flex e-con-boxed e-con e-parent" data-id="284464cd" data-element_type="container">
					<div class="e-con-inner">
		<div class="elementor-element elementor-element-32fcf494 e-con-full e-flex e-con e-parent" data-id="32fcf494" data-element_type="container">
				<div class="elementor-element elementor-element-3a1df69d elementor-widget elementor-widget-shortcode" data-id="3a1df69d" data-element_type="widget" data-widget_type="shortcode.default">
				<div class="elementor-widget-container">
							<div class="elementor-shortcode"><nav aria-label="breadcrumbs" class="rank-math-breadcrumb"><p><span class="last">Inici</span></p></nav></div>
						</div>
				</div>
				<div class="elementor-element elementor-element-687a0f48 elementor-widget elementor-widget-heading" data-id="687a0f48" data-element_type="widget" data-widget_type="heading.default">
				<div class="elementor-widget-container">
					<h1 class="elementor-heading-title elementor-size-default">Ampliació de capital alliberada (juny 2011) i sistema de remuneració a l&#8217;accionista</h1>				</div>
				</div>
				</div>
		<div class="elementor-element elementor-element-5a6daeea e-con-full e-flex e-con e-parent" data-id="5a6daeea" data-element_type="container">
				<div class="elementor-element elementor-element-79a83b4c elementor-widget elementor-widget-spacer" data-id="79a83b4c" data-element_type="widget" data-widget_type="spacer.default">
				<div class="elementor-widget-container">
							<div class="elementor-spacer">
			<div class="elementor-spacer-inner"></div>
		</div>
						</div>
				</div>
				</div>
					</div>
				</div>
		<div class="elementor-element elementor-element-3b521beb e-flex e-con-boxed e-con e-parent" data-id="3b521beb" data-element_type="container">
					<div class="e-con-inner">
				<div class="elementor-element elementor-element-7ba6e44f elementor-widget elementor-widget-text-editor" data-id="7ba6e44f" data-element_type="widget" data-widget_type="text-editor.default">
				<div class="elementor-widget-container">
									<p><span class="ui-provider gp b c d e f g h i j k l m n o p q r s t u v w x y z ab ac ae af ag ah ai aj ak" dir="ltr">Naturgy Energy Group, S.A., d&#8217;acord amb la política implementada per altres companyies, nacionals i internacionals, vol oferir als seus accionistes una alternativa que, sense limitar de cap manera la seva possibilitat de percebre la totalitat de la retribució anual en efectiu, si així ho desitgen, els permeti rebre accions de la societat amb la fiscalitat pròpia de les accions alliberades.<br /><br />Per posar en pràctica aquest sistema, la Junta General Ordinària d&#8217;Accionistes de Naturgy Energy Group, S.A. celebrada el passat 14 d&#8217;abril del 2011 va aprovar un augment del capital alliberat i el mecanisme mitjançant el qual la societat assumeix el compromís irrevocable de compra dels drets d&#8217;assignació gratuïta corresponents a l&#8217;esmentada ampliació de capital alliberada a un preu fix (el Compromís de Compra), el que permetrà que tots els accionistes que ho vulguin puguin vendre els seus drets i rebre un import en efectiu equivalent al que hagués estat el pagament del dividend complementari de l&#8217;exercici 2010 que hagués estat satisfet els primers dies de juliol del 2011.<br /><br />Una vegada rebuts els drets d&#8217;assignació gratuïta, els accionistes de Naturgy Energy Group, S.A. tindran l&#8217;opció, a lliure elecció, de:<br /><br />(a) No transmetre els seus drets d&#8217;assignació gratuïta. En aquest cas, l&#8217;accionista rebrà el nombre d&#8217;accions noves en la proporció que li correspongui totalment alliberades. En qualsevol cas, aquesta possibilitat dependrà dels termes i les condicions del contracte de dipòsit i administració de valors que tingui subscrit amb la seva entitat dipositària, així com de les instruccions que li n&#8217;hagi impartit .<br /><br />(b) Transmetre la totalitat o part dels seus drets d&#8217;assignació gratuïta a Naturgy Energy Group, S.A. en virtut del Compromís de Compra al preu fix garantit. D&#8217;aquesta manera, l&#8217;accionista optaria per monetitzar els seus drets.<br /><br />(c) Transmetre la totalitat o part dels seus drets d&#8217;assignació gratuïta al mercat. En aquest cas, l&#8217;accionista també optaria per monetitzar els seus drets, si bé en aquest supòsit no rebria un preu fix garantit, sinó que la contraprestació pels drets dependria de les condicions del mercat en general, i del preu de cotització dels drets referits en particular.<br /><br />Els accionistes de Naturgy Energy Group, S.A. podran combinar qualsevol de les alternatives esmentades en els apartats (a) a (c) anteriors. Cal tenir en compte, en aquest sentit, que el tractament fiscal de les alternatives referides és diferent.<br /><br />S&#8217;haurà de posar en contacte amb l&#8217;entitat financera en què té dipositades les accions als efectes d&#8217;instruir-la segons la seva decisió.<br />Si voleu més informació, posem a la vostra disposició els documents informatius i els fets rellevants relatius a aquesta ampliació de capital.</span></p>								</div>
				</div>
					</div>
				</div>
		<div class="elementor-element elementor-element-10182ce5 e-con-full e-flex e-con e-parent" data-id="10182ce5" data-element_type="container">
				<div class="elementor-element elementor-element-32320e04 elementor-widget elementor-widget-spacer" data-id="32320e04" data-element_type="widget" data-widget_type="spacer.default">
				<div class="elementor-widget-container">
							<div class="elementor-spacer">
			<div class="elementor-spacer-inner"></div>
		</div>
						</div>
				</div>
				</div>
		<div class="elementor-element elementor-element-220d306 e-flex e-con-boxed e-con e-parent" data-id="220d306" data-element_type="container">
					<div class="e-con-inner">
				<div class="elementor-element elementor-element-4ab49d7 elementor-widget elementor-widget-heading" data-id="4ab49d7" data-element_type="widget" data-widget_type="heading.default">
				<div class="elementor-widget-container">
					<h2 class="elementor-heading-title elementor-size-default">Documents</h2>				</div>
				</div>
				<div class="elementor-element elementor-element-e311d71 has-icon elementor-widget elementor-widget-text-editor" data-id="e311d71" data-element_type="widget" data-widget_type="text-editor.default">
				<div class="elementor-widget-container">
									<p><a href="https://stproportalcorporativo.blob.core.windows.net/uploads/2023/02/DocumentoInformativoalaCNMV19mayo2011.pdf" target="_blank" rel="noopener">Document informatiu registrat a la CNMV (245 KB)</a></p><p><a href="https://stproportalcorporativo.blob.core.windows.net/uploads/2023/02/Campliacion_2011_Complemento_al_documento_informativo.pdf" target="_blank" rel="noopener">Complement al document informatiu registrat a la CNMV (34 KB)</a></p><p><a href="https://stproportalcorporativo.blob.core.windows.net/uploads/2023/02/Campliacion_2011_Scrip_Dividend_QA_v12.pdf" target="_blank" rel="noopener">Preguntes freqüents (46 KB)</a></p><p><a href="https://stproportalcorporativo.blob.core.windows.net/uploads/2023/02/CalendarioProvisionalAmpliaciondecapital.pdf" target="_blank" rel="noopener">Calendari estimat ampliació capital (22 KB)</a></p><p><a href="https://stproportalcorporativo.blob.core.windows.net/uploads/2023/02/HR_02_Documento_informativo_enviado_a_la_CNMV.pdf" target="_blank" rel="noopener">Document informatiu ampliació capital (261 KB)</a></p><p><a href="https://stproportalcorporativo.blob.core.windows.net/uploads/2023/02/Campliacion_2011_Terminos_economicos.pdf" target="_blank" rel="noopener">Termes econòmics de l&#8217;ampliació de capital (42 KB)</a></p>								</div>
				</div>
					</div>
				</div>
		<div class="elementor-element elementor-element-a7799e1 e-flex e-con-boxed e-con e-parent" data-id="a7799e1" data-element_type="container">
					<div class="e-con-inner">
				<div class="elementor-element elementor-element-e523c3c elementor-widget elementor-widget-spacer" data-id="e523c3c" data-element_type="widget" data-widget_type="spacer.default">
				<div class="elementor-widget-container">
							<div class="elementor-spacer">
			<div class="elementor-spacer-inner"></div>
		</div>
						</div>
				</div>
					</div>
				</div>
				</div>

<p>Naturgy Energy Group, S.A., d&#8217;acord amb la política implementada per altres companyies, nacionals i internacionals, vol oferir als seus accionistes una alternativa que, sense limitar de cap manera la seva possibilitat de percebre la totalitat de la retribució anual en efectiu, si així ho desitgen, els permeti rebre accions de la societat amb la fiscalitat [&hellip;]</p>
