{"id":41766,"date":"2023-03-05T23:04:55","date_gmt":"2023-03-05T22:04:55","guid":{"rendered":"https:\/\/www.naturgy.com\/govern-corporatiu\/junta-general-daccionistas-2023\/informaciones-aclaraciones-o-preguntas-realizadas-por-escrito-por-los-accionistas-2023\/"},"modified":"2023-05-15T00:24:19","modified_gmt":"2023-05-14T22:24:19","slug":"informacions-aclariments-o-preguntes-fetes-per-escrit-pels-accionistes-jga-2023","status":"publish","type":"page","link":"https:\/\/www.naturgy.com\/ca\/accionistes-i-inversors\/govern-corporatiu\/junta-general-daccionistas-2023\/informacions-aclariments-o-preguntes-fetes-per-escrit-pels-accionistes-jga-2023\/","title":{"rendered":"Informacions, aclariments o preguntes fetes per escrit pels accionistes JGA 2023"},"content":{"rendered":"\t\t<div data-elementor-type=\"wp-page\" data-elementor-id=\"41766\" class=\"elementor elementor-41766 elementor-41760\" data-elementor-post-type=\"page\">\n\t\t\t\t<div class=\"elementor-element elementor-element-40310396 e-flex e-con-boxed e-con e-parent\" data-id=\"40310396\" data-element_type=\"container\">\n\t\t\t\t\t<div class=\"e-con-inner\">\n\t\t<div class=\"elementor-element elementor-element-51b67853 e-con-full e-flex e-con e-parent\" data-id=\"51b67853\" data-element_type=\"container\">\n\t\t\t\t<div class=\"elementor-element elementor-element-3ec19fc7 elementor-widget elementor-widget-shortcode\" data-id=\"3ec19fc7\" data-element_type=\"widget\" data-widget_type=\"shortcode.default\">\n\t\t\t\t<div class=\"elementor-widget-container\">\n\t\t\t\t\t\t\t<div class=\"elementor-shortcode\"><nav aria-label=\"breadcrumbs\" class=\"rank-math-breadcrumb\"><p><span class=\"last\">Inici<\/span><\/p><\/nav><\/div>\n\t\t\t\t\t\t<\/div>\n\t\t\t\t<\/div>\n\t\t\t\t<div class=\"elementor-element elementor-element-35974376 elementor-widget elementor-widget-heading\" data-id=\"35974376\" data-element_type=\"widget\" data-widget_type=\"heading.default\">\n\t\t\t\t<div class=\"elementor-widget-container\">\n\t\t\t\t\t<h1 class=\"elementor-heading-title elementor-size-default\">Informacions, aclariments o preguntes fetes per escrit pels accionistes JGA 2023<\/h1>\t\t\t\t<\/div>\n\t\t\t\t<\/div>\n\t\t\t\t<\/div>\n\t\t<div class=\"elementor-element elementor-element-5bfe4220 e-con-full e-flex e-con e-parent\" data-id=\"5bfe4220\" data-element_type=\"container\">\n\t\t\t\t<div class=\"elementor-element elementor-element-d1d4687 elementor-widget elementor-widget-spacer\" data-id=\"d1d4687\" data-element_type=\"widget\" data-widget_type=\"spacer.default\">\n\t\t\t\t<div class=\"elementor-widget-container\">\n\t\t\t\t\t\t\t<div class=\"elementor-spacer\">\n\t\t\t<div class=\"elementor-spacer-inner\"><\/div>\n\t\t<\/div>\n\t\t\t\t\t\t<\/div>\n\t\t\t\t<\/div>\n\t\t\t\t<\/div>\n\t\t\t\t\t<\/div>\n\t\t\t\t<\/div>\n\t\t<div class=\"elementor-element elementor-element-2e6e059 e-flex e-con-boxed e-con e-parent\" data-id=\"2e6e059\" data-element_type=\"container\">\n\t\t\t\t\t<div class=\"e-con-inner\">\n\t\t\t\t<div class=\"elementor-element elementor-element-d0eecdd elementor-widget elementor-widget-text-editor\" data-id=\"d0eecdd\" data-element_type=\"widget\" data-widget_type=\"text-editor.default\">\n\t\t\t\t<div class=\"elementor-widget-container\">\n\t\t\t\t\t\t\t\t\t<p><strong>No us sembla que 18 anys que fa que som preferentistes d\u2019Uni\u00f3n Fenosa s\u00f3n massa anys? No entenem per qu\u00e8 les continueu mantenint vives, quan sou coneixedors que aquestes preferents, igual com totes les preferents d\u2019aquesta \u00e8poca (s\u00f3n les \u00faniques que queden vives: tant Telef\u00f3nica, com Repsol i Endesa, les van amortitzar per la seva mala imatge) i aquestes es van oferir de manera enganyosa, sense dir-nos que eren perp\u00e8tues, com aix\u00ed ho van testificar, tots els jutjats.<\/strong><br \/><br \/>Respecte a la pregunta que ens formuleu sobre les participacions preferents de les quals sou titular, us reiterem el que ja us hem manifestat en comunicacions anteriors: les participacions preferents es van emetre amb car\u00e0cter perpetu, \u00e9s a dir, no tenen data de venciment i la decisi\u00f3 de l\u2019amortitzaci\u00f3 total o parcial d\u2019aquestes participacions correspon a l\u2019emissor, en aquest cas, Uni\u00f3n Fenosa Preferentes, SAU.<br \/><br \/>Des de la companyia es fa el seguiment del mercat i l\u2019an\u00e0lisi del comportament de les seves emissions i aix\u00f2 podria portar, en el futur, a la presa en consideraci\u00f3 de diferents actuacions, que per descomptat se us comunicarien de manera oportuna, com ara l\u2019amortitzaci\u00f3 de l\u2019emissi\u00f3 de participacions preferents, el llan\u00e7ament d\u2019una oferta de recompra d\u2019aquestes en condicions de mercat o el manteniment de l\u2019emissi\u00f3 pagant la remuneraci\u00f3 trimestral que es va incrementar a partir del 2015.<br \/><br \/>El maig del 2015 es va llan\u00e7ar una oferta de compra volunt\u00e0ria de les participacions preferents a preu de mercat, a la qual vau optar per no acudir i, en conseq\u00fc\u00e8ncia, mantenir-les amb la remuneraci\u00f3 acordada en el moment de l\u2019emissi\u00f3. <\/p>\t\t\t\t\t\t\t\t<\/div>\n\t\t\t\t<\/div>\n\t\t\t\t\t<\/div>\n\t\t\t\t<\/div>\n\t\t<div class=\"elementor-element elementor-element-95aa654 e-flex e-con-boxed e-con e-parent\" data-id=\"95aa654\" data-element_type=\"container\">\n\t\t\t\t\t<div class=\"e-con-inner\">\n\t\t\t\t<div class=\"elementor-element elementor-element-4635a66 elementor-widget elementor-widget-spacer\" data-id=\"4635a66\" data-element_type=\"widget\" data-widget_type=\"spacer.default\">\n\t\t\t\t<div class=\"elementor-widget-container\">\n\t\t\t\t\t\t\t<div class=\"elementor-spacer\">\n\t\t\t<div class=\"elementor-spacer-inner\"><\/div>\n\t\t<\/div>\n\t\t\t\t\t\t<\/div>\n\t\t\t\t<\/div>\n\t\t\t\t\t<\/div>\n\t\t\t\t<\/div>\n\t\t\t\t<\/div>\n\t\t","protected":false},"excerpt":{"rendered":"<p>No us sembla que 18 anys que fa que som preferentistes d\u2019Uni\u00f3n Fenosa s\u00f3n massa anys? No entenem per qu\u00e8 les continueu mantenint vives, quan sou coneixedors que aquestes preferents, igual com totes les preferents d\u2019aquesta \u00e8poca (s\u00f3n les \u00faniques que queden vives: tant Telef\u00f3nica, com Repsol i Endesa, les van amortitzar per la seva [&hellip;]<\/p>\n","protected":false},"author":5,"featured_media":0,"parent":40720,"menu_order":0,"comment_status":"closed","ping_status":"closed","template":"","meta":{"_acf_changed":false,"footnotes":""},"class_list":["post-41766","page","type-page","status-publish","hentry"],"acf":[],"_links":{"self":[{"href":"https:\/\/www.naturgy.com\/ca\/wp-json\/wp\/v2\/pages\/41766","targetHints":{"allow":["GET"]}}],"collection":[{"href":"https:\/\/www.naturgy.com\/ca\/wp-json\/wp\/v2\/pages"}],"about":[{"href":"https:\/\/www.naturgy.com\/ca\/wp-json\/wp\/v2\/types\/page"}],"author":[{"embeddable":true,"href":"https:\/\/www.naturgy.com\/ca\/wp-json\/wp\/v2\/users\/5"}],"replies":[{"embeddable":true,"href":"https:\/\/www.naturgy.com\/ca\/wp-json\/wp\/v2\/comments?post=41766"}],"version-history":[{"count":16,"href":"https:\/\/www.naturgy.com\/ca\/wp-json\/wp\/v2\/pages\/41766\/revisions"}],"predecessor-version":[{"id":74538,"href":"https:\/\/www.naturgy.com\/ca\/wp-json\/wp\/v2\/pages\/41766\/revisions\/74538"}],"up":[{"embeddable":true,"href":"https:\/\/www.naturgy.com\/ca\/wp-json\/wp\/v2\/pages\/40720"}],"wp:attachment":[{"href":"https:\/\/www.naturgy.com\/ca\/wp-json\/wp\/v2\/media?parent=41766"}],"curies":[{"name":"wp","href":"https:\/\/api.w.org\/{rel}","templated":true}]}}

<div data-elementor-type="wp-page" data-elementor-id="41766" class="elementor elementor-41766 elementor-41760" data-elementor-post-type="page">
				<div class="elementor-element elementor-element-40310396 e-flex e-con-boxed e-con e-parent" data-id="40310396" data-element_type="container">
					<div class="e-con-inner">
		<div class="elementor-element elementor-element-51b67853 e-con-full e-flex e-con e-parent" data-id="51b67853" data-element_type="container">
				<div class="elementor-element elementor-element-3ec19fc7 elementor-widget elementor-widget-shortcode" data-id="3ec19fc7" data-element_type="widget" data-widget_type="shortcode.default">
				<div class="elementor-widget-container">
							<div class="elementor-shortcode"><nav aria-label="breadcrumbs" class="rank-math-breadcrumb"><p><span class="last">Inici</span></p></nav></div>
						</div>
				</div>
				<div class="elementor-element elementor-element-35974376 elementor-widget elementor-widget-heading" data-id="35974376" data-element_type="widget" data-widget_type="heading.default">
				<div class="elementor-widget-container">
					<h1 class="elementor-heading-title elementor-size-default">Informacions, aclariments o preguntes fetes per escrit pels accionistes JGA 2023</h1>				</div>
				</div>
				</div>
		<div class="elementor-element elementor-element-5bfe4220 e-con-full e-flex e-con e-parent" data-id="5bfe4220" data-element_type="container">
				<div class="elementor-element elementor-element-d1d4687 elementor-widget elementor-widget-spacer" data-id="d1d4687" data-element_type="widget" data-widget_type="spacer.default">
				<div class="elementor-widget-container">
							<div class="elementor-spacer">
			<div class="elementor-spacer-inner"></div>
		</div>
						</div>
				</div>
				</div>
					</div>
				</div>
		<div class="elementor-element elementor-element-2e6e059 e-flex e-con-boxed e-con e-parent" data-id="2e6e059" data-element_type="container">
					<div class="e-con-inner">
				<div class="elementor-element elementor-element-d0eecdd elementor-widget elementor-widget-text-editor" data-id="d0eecdd" data-element_type="widget" data-widget_type="text-editor.default">
				<div class="elementor-widget-container">
									<p><strong>No us sembla que 18 anys que fa que som preferentistes d’Unión Fenosa són massa anys? No entenem per què les continueu mantenint vives, quan sou coneixedors que aquestes preferents, igual com totes les preferents d’aquesta època (són les úniques que queden vives: tant Telefónica, com Repsol i Endesa, les van amortitzar per la seva mala imatge) i aquestes es van oferir de manera enganyosa, sense dir-nos que eren perpètues, com així ho van testificar, tots els jutjats.</strong><br /><br />Respecte a la pregunta que ens formuleu sobre les participacions preferents de les quals sou titular, us reiterem el que ja us hem manifestat en comunicacions anteriors: les participacions preferents es van emetre amb caràcter perpetu, és a dir, no tenen data de venciment i la decisió de l’amortització total o parcial d’aquestes participacions correspon a l’emissor, en aquest cas, Unión Fenosa Preferentes, SAU.<br /><br />Des de la companyia es fa el seguiment del mercat i l’anàlisi del comportament de les seves emissions i això podria portar, en el futur, a la presa en consideració de diferents actuacions, que per descomptat se us comunicarien de manera oportuna, com ara l’amortització de l’emissió de participacions preferents, el llançament d’una oferta de recompra d’aquestes en condicions de mercat o el manteniment de l’emissió pagant la remuneració trimestral que es va incrementar a partir del 2015.<br /><br />El maig del 2015 es va llançar una oferta de compra voluntària de les participacions preferents a preu de mercat, a la qual vau optar per no acudir i, en conseqüència, mantenir-les amb la remuneració acordada en el moment de l’emissió. </p>								</div>
				</div>
					</div>
				</div>
		<div class="elementor-element elementor-element-95aa654 e-flex e-con-boxed e-con e-parent" data-id="95aa654" data-element_type="container">
					<div class="e-con-inner">
				<div class="elementor-element elementor-element-4635a66 elementor-widget elementor-widget-spacer" data-id="4635a66" data-element_type="widget" data-widget_type="spacer.default">
				<div class="elementor-widget-container">
							<div class="elementor-spacer">
			<div class="elementor-spacer-inner"></div>
		</div>
						</div>
				</div>
					</div>
				</div>
				</div>

<p>No us sembla que 18 anys que fa que som preferentistes d’Unión Fenosa són massa anys? No entenem per què les continueu mantenint vives, quan sou coneixedors que aquestes preferents, igual com totes les preferents d’aquesta època (són les úniques que queden vives: tant Telefónica, com Repsol i Endesa, les van amortitzar per la seva [&hellip;]</p>
